{"id":1050,"date":"2015-09-23T20:24:46","date_gmt":"2015-09-23T18:24:46","guid":{"rendered":"http:\/\/osmirna.splet.arnes.si\/?page_id=1050"},"modified":"2017-08-20T15:33:15","modified_gmt":"2017-08-20T13:33:15","slug":"likovna-galerija","status":"publish","type":"page","link":"https:\/\/www.os-mirna.si\/?page_id=1050","title":{"rendered":"Likovna galerija"},"content":{"rendered":"<p>\u0160ol. leto 2016\/17<\/p>\n<p><a href=\"http:\/\/osmirna.splet.arnes.si\/?attachment_id=4473\" rel=\"attachment wp-att-4473\">Oblikovanje razli\u010dnih povr\u0161in<\/a><\/p>\n<p><a href=\"http:\/\/osmirna.splet.arnes.si\/?attachment_id=3895\" rel=\"attachment wp-att-3895\">Zimska pokrajina drugo\u0161olcev<\/a><\/p>\n<p><a href=\"http:\/\/osmirna.splet.arnes.si\/files\/2015\/09\/Likovna-galerija-dru\u017eina-drugo\u0161olcev.pdf\">Drugo\u0161olci:Moja dru\u017eina<\/a><\/p>\n<p><a href=\"http:\/\/osmirna.splet.arnes.si\/files\/2015\/09\/LIKOVNA-UMETNOST-O-\u00e1PP-5.pdf\"><b id=\"yui_3_16_0_ym19_1_1478148794558_6699\">O\u0160PP &#8211; prikaz razli\u010dnih povr\u0161in<\/b><\/a><\/p>\n<p><a href=\"http:\/\/osmirna.splet.arnes.si\/files\/2015\/09\/LIKOVNO-SNOVANJE-1-7.pdf\"><b id=\"yui_3_16_0_ym19_1_1478148794558_6700\">Simetri\u010dni ornamenti sedmo\u0161olk<\/b><\/a><\/p>\n<p>\u0160ol. leto 2015\/16<\/p>\n<p><a href=\"http:\/\/osmirna.splet.arnes.si\/files\/2015\/09\/Mame-drugo\u0161olcev.pdf\">Mame drugo\u0161olcev<\/a><\/p>\n<p><a href=\"http:\/\/osmirna.splet.arnes.si\/files\/2015\/09\/Milni-mehur\u010dki-2.pdf\">Milni mehur\u010dki 2<\/a><\/p>\n<p><a href=\"http:\/\/osmirna.splet.arnes.si\/files\/2015\/09\/Perilo-v-vetru.pdf\">Perilo v vetru<\/a><\/p>\n<p><a href=\"http:\/\/osmirna.splet.arnes.si\/files\/2015\/09\/VITRA\u017d.pdf\">VITRA\u017d<\/a><\/p>\n<p><a href=\"http:\/\/osmirna.splet.arnes.si\/files\/2015\/09\/Obla\u010dila-in-modni-dodatki-v-koli\u010dinskem-kontrastu-1.pdf\">Obla\u010dila in modni dodatki v koli\u010dinskem kontrastu<\/a><\/p>\n<p><a href=\"http:\/\/osmirna.splet.arnes.si\/files\/2015\/09\/Likovna-galerija-Portret-umetnika.pdf\">Likovna galerija Portret umetnika<\/a><\/p>\n<p><a href=\"http:\/\/osmirna.splet.arnes.si\/files\/2015\/09\/Pti\u010dje-hi\u0161ice-prvo\u0161olcev.pdf\">Pti\u010dje hi\u0161ice prvo\u0161olcev<\/a><\/p>\n<p><a href=\"http:\/\/osmirna.splet.arnes.si\/files\/2015\/09\/Likovno-snovanje-3-Posoda.pdf\">Likovno snovanje 3 Posoda<\/a><\/p>\n<p><a href=\"http:\/\/osmirna.splet.arnes.si\/files\/2015\/09\/Gumbi-Sne\u017eaki.pdf\">Gumbi Sne\u017eaki<\/a><\/p>\n<p><a href=\"http:\/\/osmirna.splet.arnes.si\/files\/2015\/09\/Iz-zvezka-prvo\u0161olke.pdf\">Iz zvezka prvo\u0161olke<\/a><\/p>\n<p><a href=\"http:\/\/osmirna.splet.arnes.si\/files\/2015\/09\/Bu\u010de-prvo\u0161olcev.pdf\">Bu\u010de prvo\u0161olcev<\/a><\/p>\n<p><a href=\"http:\/\/osmirna.splet.arnes.si\/files\/2015\/09\/Moje-o\u010di-rade-vidijo-.-1.pdf\">Moje o\u010di rade vidijo<\/a><\/p>\n<p><a href=\"http:\/\/osmirna.splet.arnes.si\/files\/2015\/09\/LIkovna-mapa-\u0161estzo\u0161olcev.pdf\">Likovna mapa \u0161esto\u0161olcev<\/a><\/p>\n<p><a href=\"http:\/\/osmirna.splet.arnes.si\/files\/2015\/09\/Likovna-mapa-deveto\u0161olcev.pdf\">Likovna mapa deveto\u0161olcev<\/a><\/p>\n<p><a href=\"http:\/\/osmirna.splet.arnes.si\/files\/2015\/09\/Jesensko-drevo-trganka.pdf\">Jesensko drevo &#8211; trganka<\/a><\/p>\n<p><a href=\"http:\/\/osmirna.splet.arnes.si\/files\/2015\/09\/Jesen-tretje\u0161olcev-metulj-in-de\u017enik-peto\u0161olcev.pdf\">Jesen tretje\u0161olcev<\/a><\/p>\n<p><a href=\"http:\/\/osmirna.splet.arnes.si\/files\/2015\/09\/Metulji-in-de\u017eniki-peto\u0161olcev.pdf\">Metulji in de\u017eniki peto\u0161olcev<\/a><\/p>\n<p><a href=\"http:\/\/osmirna.splet.arnes.si\/files\/2015\/09\/Vrtec-kozolec-in-sanjski-vrtec.pdf\">Likovna galerija Vrtca Deteljica<\/a><\/p>\n<p><a href=\"http:\/\/osmirna.splet.arnes.si\/files\/2015\/09\/Likovna-galerija-\u010detrto\u0161olcev.pdf\">Likovna galerija \u010detrto\u0161olcev<\/a><\/p>\n<p><a href=\"http:\/\/osmirna.splet.arnes.si\/files\/2015\/09\/Podalj\u0161ano-bivanje-za-likovno-galerijo-RO\u017dE-IZ-BU\u010cNIH-SEMEN.pdf\">Podalj\u0161ano bivanje, 2. razred &#8211; RO\u017dE IZ BU\u010cNIH SEMEN<\/a><\/p>\n<p><a href=\"http:\/\/osmirna.splet.arnes.si\/files\/2015\/09\/Likovno-snovanje.pdf\">Likovno snovanje &#8211; fantazijski prostor<\/a><\/p>\n<p><a href=\"http:\/\/osmirna.splet.arnes.si\/files\/2015\/09\/RAZSTAVLJENI-BMW-i3-OB-TEDNU-MOBILNOSTI-1.pdf\">O\u0160PP- RAZSTAVLJENI BMW i3 OB TEDNU MOBILNOSTI<\/a><\/p>\n<p><a href=\"http:\/\/osmirna.splet.arnes.si\/files\/2015\/09\/Za\u010detnica-mojega-imena-1.pdf\">O\u0160PP &#8211; ZA\u010cETNICA MOJEGA IMENA<\/a><\/p>\n<p><a href=\"http:\/\/osmirna.splet.arnes.si\/files\/2015\/09\/Likovna-galerija-podalj\u0161ancev-je\u017eki-3.pdf\">Podalj\u0161ano bivanje, 2. razred &#8211; je\u017eek v jeseni<\/a><\/p>\n<p><a href=\"http:\/\/osmirna.splet.arnes.si\/files\/2015\/09\/Likovna-galerija-drugo\u0161olcev-1.pdf\">Son\u010dnice in jesenski listi drugo\u0161olcev<\/a><\/p>\n<p><a href=\"http:\/\/osmirna.splet.arnes.si\/files\/2015\/09\/Ustvarjalne-urice-prvo\u0161olcev-v-podalj\u0161anem-bivanju-za-galerijo.pdf\">Ustvarjalne urice prvo\u0161olcev v podalj\u0161anem bivanju <\/a><\/p>\n<p><a href=\"http:\/\/osmirna.splet.arnes.si\/files\/2015\/09\/Likovna-galerija-tretje\u0161olcev.pdf\">Utrinki tretje\u0161olcev s plavalnega te\u010daja in \u010drtne risbe<\/a><\/p>\n<p><a href=\"http:\/\/osmirna.splet.arnes.si\/files\/2015\/09\/Likovna-galerija-prvo\u0161olci.pdf\">Muce in \u0161olske torbe prvo\u0161olcev <\/a><\/p>\nngg_shortcode_0_placeholder\n","protected":false},"excerpt":{"rendered":"<p>\u0160ol. leto 2016\/17 Oblikovanje razli\u010dnih povr\u0161in Zimska pokrajina drugo\u0161olcev Drugo\u0161olci:Moja dru\u017eina O\u0160PP &#8211; prikaz razli\u010dnih povr\u0161in Simetri\u010dni ornamenti sedmo\u0161olk \u0160ol. leto 2015\/16 Mame drugo\u0161olcev Milni mehur\u010dki 2 Perilo v vetru VITRA\u017d Obla\u010dila in modni&#46;&#46;&#46;<\/p>\n","protected":false},"author":5692,"featured_media":0,"parent":0,"menu_order":0,"comment_status":"closed","ping_status":"closed","template":"","meta":{"ngg_post_thumbnail":0,"footnotes":""},"class_list":["post-1050","page","type-page","status-publish","hentry"],"_links":{"self":[{"href":"https:\/\/www.os-mirna.si\/index.php?rest_route=\/wp\/v2\/pages\/1050","targetHints":{"allow":["GET"]}}],"collection":[{"href":"https:\/\/www.os-mirna.si\/index.php?rest_route=\/wp\/v2\/pages"}],"about":[{"href":"https:\/\/www.os-mirna.si\/index.php?rest_route=\/wp\/v2\/types\/page"}],"author":[{"embeddable":true,"href":"https:\/\/www.os-mirna.si\/index.php?rest_route=\/wp\/v2\/users\/5692"}],"replies":[{"embeddable":true,"href":"https:\/\/www.os-mirna.si\/index.php?rest_route=%2Fwp%2Fv2%2Fcomments&post=1050"}],"version-history":[{"count":37,"href":"https:\/\/www.os-mirna.si\/index.php?rest_route=\/wp\/v2\/pages\/1050\/revisions"}],"predecessor-version":[{"id":5035,"href":"https:\/\/www.os-mirna.si\/index.php?rest_route=\/wp\/v2\/pages\/1050\/revisions\/5035"}],"wp:attachment":[{"href":"https:\/\/www.os-mirna.si\/index.php?rest_route=%2Fwp%2Fv2%2Fmedia&parent=1050"}],"curies":[{"name":"wp","href":"https:\/\/api.w.org\/{rel}","templated":true}]}}