{"id":3360,"date":"2016-09-19T08:06:54","date_gmt":"2016-09-19T06:06:54","guid":{"rendered":"http:\/\/osmirna.splet.arnes.si\/?page_id=3360"},"modified":"2016-09-19T08:06:54","modified_gmt":"2016-09-19T06:06:54","slug":"erasmus-tv-prispevek","status":"publish","type":"page","link":"https:\/\/www.os-mirna.si\/?page_id=3360","title":{"rendered":"Erasmus+ TV prispevek"},"content":{"rendered":"<div>\n<div>Kratek prispevek o projektu Erasmus+, ki smo ga zaklju\u010dili v avgustu, je bil predvajan na televiziji Va\u0161 Kanal.<\/div>\n<p>Za sodelovanje se zahvaljujemo novinarki \u017divi Zak\u0161ek.<\/p>\n<\/div>\n<p>Vabljeni k ogledu!<\/p>\n<p><a href=\"http:\/\/www.vaskanal.com\/novice\/25409-mirnska-sola-evropsko-usmerjena.html\" target=\"_blank\">http:\/\/www.vaskanal.com\/novice\/25409-mirnska-sola-evropsko-usmerjena.html<\/a><\/p>\n","protected":false},"excerpt":{"rendered":"<p>Kratek prispevek o projektu Erasmus+, ki smo ga zaklju\u010dili v avgustu, je bil predvajan na televiziji Va\u0161 Kanal. Za sodelovanje se zahvaljujemo novinarki \u017divi Zak\u0161ek. Vabljeni k ogledu! http:\/\/www.vaskanal.com\/novice\/25409-mirnska-sola-evropsko-usmerjena.html<\/p>\n","protected":false},"author":5692,"featured_media":0,"parent":0,"menu_order":0,"comment_status":"closed","ping_status":"closed","template":"","meta":{"ngg_post_thumbnail":0,"footnotes":""},"class_list":["post-3360","page","type-page","status-publish","hentry"],"_links":{"self":[{"href":"https:\/\/www.os-mirna.si\/index.php?rest_route=\/wp\/v2\/pages\/3360","targetHints":{"allow":["GET"]}}],"collection":[{"href":"https:\/\/www.os-mirna.si\/index.php?rest_route=\/wp\/v2\/pages"}],"about":[{"href":"https:\/\/www.os-mirna.si\/index.php?rest_route=\/wp\/v2\/types\/page"}],"author":[{"embeddable":true,"href":"https:\/\/www.os-mirna.si\/index.php?rest_route=\/wp\/v2\/users\/5692"}],"replies":[{"embeddable":true,"href":"https:\/\/www.os-mirna.si\/index.php?rest_route=%2Fwp%2Fv2%2Fcomments&post=3360"}],"version-history":[{"count":1,"href":"https:\/\/www.os-mirna.si\/index.php?rest_route=\/wp\/v2\/pages\/3360\/revisions"}],"predecessor-version":[{"id":3361,"href":"https:\/\/www.os-mirna.si\/index.php?rest_route=\/wp\/v2\/pages\/3360\/revisions\/3361"}],"wp:attachment":[{"href":"https:\/\/www.os-mirna.si\/index.php?rest_route=%2Fwp%2Fv2%2Fmedia&parent=3360"}],"curies":[{"name":"wp","href":"https:\/\/api.w.org\/{rel}","templated":true}]}}