{"id":338,"date":"2015-08-04T12:01:09","date_gmt":"2015-08-04T10:01:09","guid":{"rendered":"http:\/\/osmirna.splet.arnes.si\/?page_id=338"},"modified":"2015-10-06T07:46:37","modified_gmt":"2015-10-06T05:46:37","slug":"eko-plastika","status":"publish","type":"page","link":"https:\/\/www.os-mirna.si\/?page_id=338","title":{"rendered":"EMBALA\u017dA"},"content":{"rendered":"<div class=\"item-page\">\n<article class=\"art-post\">\n<div class=\"art-postcontent clearfix\">\n<div class=\"art-article\">\n<p>LO\u010cEVANJE EMBALA\u017dE<\/p>\n<p>&nbsp;<\/p>\n<p>MED EMBALA\u017dO SODIJO:<\/p>\n<ul>\n<li>Plastenke pija\u010d in \u017eivil<\/li>\n<li>Plastenke \u010distil in pralnih sredstev<\/li>\n<li>Plo\u010devinke pija\u010d<\/li>\n<li>Konzerve \u017eivil<\/li>\n<li>Kartonska votla embala\u017ea od mleka, sokov ipd.<\/li>\n<li>Plasti\u010dne vre\u010dke in lon\u010dki<\/li>\n<li>Plasti\u010dna embala\u017ea \u0161amponov, zobnih past in teko\u010dih mil<\/li>\n<li>Embala\u017ea CD \u2013 jev in DVD \u2013 jev<\/li>\n<li>Plasti\u010dna in aluminijasta folija, v katero so zaviti izdelki<\/li>\n<li>Embala\u017ea iz stiropora<\/li>\n<\/ul>\n<p>&nbsp;<\/p>\n<p>MED EMBALA\u017dO <strong>NE SODIJO<\/strong>:<\/p>\n<ul>\n<li>Plasti\u010dne embala\u017ee nevarnih snovi ali njihovih ostankov (motornih in druge vrste mineralnih olj, sredstev za za\u0161\u010dito rastlin, barv, lakov ipd.). Vedno preverite ali je na embala\u017ei simbol za nevarne odpadke in nevarne odpadke odpeljite v zbirni center ali jih oddajte v premi\u010dno zbiralnico.<\/li>\n<li>Celofan<\/li>\n<li>CD \u2013 ji , DVD \u2013 ji, gramofonske plo\u0161\u010de<\/li>\n<\/ul>\n<p>&nbsp;<\/p>\n<p>Lo\u010deno zbrano embala\u017eo vra\u010damo industriji v ponovno uporabo za iste ali podobne namene oziroma za proizvodnjo novih plasti\u010dnih izdelkov. Na ta na\u010din zmanj\u0161ujemo koli\u010dino odpadkov, ki bi jih sicer odlo\u017eili na odlagali\u0161\u010de.<\/p>\n<p>&nbsp;<\/p>\n<p><strong>Embala\u017ea mora biti pred odlaganjem v zabojnike prazna<\/strong>. Za\u017eeljeno je, da je pokrov\u010dek pokrov\u010dek na embala\u017ei odvit, da bo la\u017eje stiskanje za racionalnej\u0161i prevoz na ve\u010dje razdalje. \u010ce pa plastenko stisnemo in pokrov\u010dek privijemo nazaj ali jo prere\u017eemo, bo v zabojniku zavzela minimalno prostora. Dodatno bomo zmanj\u0161ali vpliv na okolje, \u010de bomo vsako embala\u017eo pred oddajo splaknili s \u010disto vodo.<\/p>\n<\/div>\n<\/div>\n<\/article>\n<\/div>\n","protected":false},"excerpt":{"rendered":"<p>LO\u010cEVANJE EMBALA\u017dE &nbsp; MED EMBALA\u017dO SODIJO: Plastenke pija\u010d in \u017eivil Plastenke \u010distil in pralnih sredstev Plo\u010devinke pija\u010d Konzerve \u017eivil Kartonska votla embala\u017ea od mleka, sokov ipd. Plasti\u010dne vre\u010dke in lon\u010dki Plasti\u010dna embala\u017ea \u0161amponov, zobnih&#46;&#46;&#46;<\/p>\n","protected":false},"author":5692,"featured_media":0,"parent":0,"menu_order":0,"comment_status":"closed","ping_status":"closed","template":"","meta":{"ngg_post_thumbnail":0,"footnotes":""},"class_list":["post-338","page","type-page","status-publish","hentry"],"_links":{"self":[{"href":"https:\/\/www.os-mirna.si\/index.php?rest_route=\/wp\/v2\/pages\/338","targetHints":{"allow":["GET"]}}],"collection":[{"href":"https:\/\/www.os-mirna.si\/index.php?rest_route=\/wp\/v2\/pages"}],"about":[{"href":"https:\/\/www.os-mirna.si\/index.php?rest_route=\/wp\/v2\/types\/page"}],"author":[{"embeddable":true,"href":"https:\/\/www.os-mirna.si\/index.php?rest_route=\/wp\/v2\/users\/5692"}],"replies":[{"embeddable":true,"href":"https:\/\/www.os-mirna.si\/index.php?rest_route=%2Fwp%2Fv2%2Fcomments&post=338"}],"version-history":[{"count":4,"href":"https:\/\/www.os-mirna.si\/index.php?rest_route=\/wp\/v2\/pages\/338\/revisions"}],"predecessor-version":[{"id":1199,"href":"https:\/\/www.os-mirna.si\/index.php?rest_route=\/wp\/v2\/pages\/338\/revisions\/1199"}],"wp:attachment":[{"href":"https:\/\/www.os-mirna.si\/index.php?rest_route=%2Fwp%2Fv2%2Fmedia&parent=338"}],"curies":[{"name":"wp","href":"https:\/\/api.w.org\/{rel}","templated":true}]}}