{"id":342,"date":"2015-08-04T12:01:49","date_gmt":"2015-08-04T10:01:49","guid":{"rendered":"http:\/\/osmirna.splet.arnes.si\/?page_id=342"},"modified":"2015-10-06T07:47:17","modified_gmt":"2015-10-06T05:47:17","slug":"eko-jaz-in-steklo","status":"publish","type":"page","link":"https:\/\/www.os-mirna.si\/?page_id=342","title":{"rendered":"EKO \u2013 Steklo"},"content":{"rendered":"<div class=\"item-page\">\n<article class=\"art-post\">\n<div class=\"art-postcontent clearfix\">\n<div class=\"art-article\">\n<p>LO\u010cEVANJE STEKLA<\/p>\n<p>V ZABOJNIKE S STEKLOM SODIJO:<\/p>\n<ul>\n<li>Steklenice od vina<\/li>\n<li>Steklenice od piva<\/li>\n<li>Steklenice od sokov in napitkov<\/li>\n<li>Steklenice od \u017eganih pija\u010d<\/li>\n<li>Steklenice od olja<\/li>\n<li>Steklenice od otro\u0161ke hrane<\/li>\n<li>Steklenice od parfumov in kozmetike<\/li>\n<li>Kozarci za vlaganje<\/li>\n<li>Kozarci<\/li>\n<li>Vsa ostala prostorninska steklena embala\u017ea<\/li>\n<li>Razbita steklena embala\u017ea<\/li>\n<\/ul>\n<p>Vse mora biti brez vsebine, zama\u0161kov in pokrov\u010dkov.<\/p>\n<p>V ZABOJNIKE S STEKLOM <strong>NE SODIJO:<\/strong><\/p>\n<ul>\n<li>Okensko steklo<\/li>\n<li>Armirano steklo<\/li>\n<li>Ogledala<\/li>\n<li>Svin\u010devo steklo<\/li>\n<li>Kristal<\/li>\n<li>\u017darnice<\/li>\n<li>Steklenice iz umetnih snovi<\/li>\n<li>Steklena embala\u017ea od nevarnih snovi<\/li>\n<li>Porcelan<\/li>\n<li>Zama\u0161ki in pokrov\u010dki<\/li>\n<\/ul>\n<p><strong>\u00a0<\/strong><\/p>\n<p>Lo\u010deno zbrano embala\u017eno steklo vra\u010damo industriji v ponovno uporabo za iste ali podobne namene oziroma za proizvodnjo novih steklenih izdelkov. Na ta na\u010din zmanj\u0161ujemo koli\u010dino odpadkov, ki bi jih sicer odlo\u017eili na odlagali\u0161\u010de. Steklena embala\u017ea mora biti pred odlaganjem v zabojnike prazna. Dodatno bomo zmanj\u0161ali vplive na okolje, \u010de bomo vsako stekleno embala\u017eo pred oddajo splaknili s \u010disto vodo.<\/p>\n<\/div>\n<\/div>\n<\/article>\n<\/div>\n","protected":false},"excerpt":{"rendered":"<p>LO\u010cEVANJE STEKLA V ZABOJNIKE S STEKLOM SODIJO: Steklenice od vina Steklenice od piva Steklenice od sokov in napitkov Steklenice od \u017eganih pija\u010d Steklenice od olja Steklenice od otro\u0161ke hrane Steklenice od parfumov in kozmetike&#46;&#46;&#46;<\/p>\n","protected":false},"author":5692,"featured_media":0,"parent":0,"menu_order":0,"comment_status":"closed","ping_status":"closed","template":"","meta":{"ngg_post_thumbnail":0,"footnotes":""},"class_list":["post-342","page","type-page","status-publish","hentry"],"_links":{"self":[{"href":"https:\/\/www.os-mirna.si\/index.php?rest_route=\/wp\/v2\/pages\/342","targetHints":{"allow":["GET"]}}],"collection":[{"href":"https:\/\/www.os-mirna.si\/index.php?rest_route=\/wp\/v2\/pages"}],"about":[{"href":"https:\/\/www.os-mirna.si\/index.php?rest_route=\/wp\/v2\/types\/page"}],"author":[{"embeddable":true,"href":"https:\/\/www.os-mirna.si\/index.php?rest_route=\/wp\/v2\/users\/5692"}],"replies":[{"embeddable":true,"href":"https:\/\/www.os-mirna.si\/index.php?rest_route=%2Fwp%2Fv2%2Fcomments&post=342"}],"version-history":[{"count":5,"href":"https:\/\/www.os-mirna.si\/index.php?rest_route=\/wp\/v2\/pages\/342\/revisions"}],"predecessor-version":[{"id":1200,"href":"https:\/\/www.os-mirna.si\/index.php?rest_route=\/wp\/v2\/pages\/342\/revisions\/1200"}],"wp:attachment":[{"href":"https:\/\/www.os-mirna.si\/index.php?rest_route=%2Fwp%2Fv2%2Fmedia&parent=342"}],"curies":[{"name":"wp","href":"https:\/\/api.w.org\/{rel}","templated":true}]}}