{"id":344,"date":"2015-08-04T12:02:25","date_gmt":"2015-08-04T10:02:25","guid":{"rendered":"http:\/\/osmirna.splet.arnes.si\/?page_id=344"},"modified":"2015-10-06T07:47:55","modified_gmt":"2015-10-06T05:47:55","slug":"eko-aluminij","status":"publish","type":"page","link":"https:\/\/www.os-mirna.si\/?page_id=344","title":{"rendered":"Biolo\u0161ki odpadki"},"content":{"rendered":"<p>LO\u010cEVANJE BIOLO\u0160KIH ODPADKOV<\/p>\n<p>&nbsp;<\/p>\n<p>MED BIOLO\u0160KE ODPADKE SODIJO:<\/p>\n<ul>\n<li>Kuhinjski odpadki<\/li>\n<li>Zelenjavni odpadki (\u010debulni in krompirjevi olupki, odpadki vseh vrst zelenjave\u2026)<\/li>\n<li>Olupki in ostanki sadja<\/li>\n<li>Kavna usedlina<\/li>\n<li>Kavni filtri in \u010dajne vre\u010dke<\/li>\n<li>Neteko\u010di ostanki hrane<\/li>\n<li>Jaj\u010dne lupine<\/li>\n<li>Pokvarjeni prehrambeni izdelki<\/li>\n<li>Papirnate vre\u010dke in rob\u010dki<\/li>\n<li>Vrtni odpadki<\/li>\n<li>Ro\u017ee<\/li>\n<li>Plevel<\/li>\n<li>Poko\u0161ena trava<\/li>\n<li>Stara zemlja lon\u010dnic<\/li>\n<\/ul>\n<p>&nbsp;<\/p>\n<p>MED BIOLO\u0160KE ODPADKE <strong>NE SODIJO:<\/strong><\/p>\n<ul>\n<li>Ma\u0161\u010dobe<\/li>\n<li>Cigaretni ogorki<\/li>\n<li>Meso in kosti<\/li>\n<\/ul>\n<p>&nbsp;<\/p>\n<p>Biolo\u0161ki odpadki zavzemajo ve\u010d kot trideset odstotkov gospodinjskih odpadkov. \u010ce jih zbiramo lo\u010deno, bomo dosegli manj\u0161o koli\u010dino odpadkov na odlagali\u0161\u010du in s tem podalj\u0161anje njegove \u017eivljenjske dobe, manj biolo\u0161kih odpadkov na odlagali\u0161\u010du pa pomeni tudi manj toplogrednih plinov. Zbrane biolo\u0161ke odpadke predelajo v kompost in ga vra\u010dajo v naravni snovni krog. Tako prepre\u010dujemo onesna\u017eevanje narave.<\/p>\n<div class=\"item-page\"><\/div>\n","protected":false},"excerpt":{"rendered":"<p>LO\u010cEVANJE BIOLO\u0160KIH ODPADKOV &nbsp; MED BIOLO\u0160KE ODPADKE SODIJO: Kuhinjski odpadki Zelenjavni odpadki (\u010debulni in krompirjevi olupki, odpadki vseh vrst zelenjave\u2026) Olupki in ostanki sadja Kavna usedlina Kavni filtri in \u010dajne vre\u010dke Neteko\u010di ostanki hrane&#46;&#46;&#46;<\/p>\n","protected":false},"author":5692,"featured_media":0,"parent":0,"menu_order":0,"comment_status":"closed","ping_status":"closed","template":"","meta":{"ngg_post_thumbnail":0,"footnotes":""},"class_list":["post-344","page","type-page","status-publish","hentry"],"_links":{"self":[{"href":"https:\/\/www.os-mirna.si\/index.php?rest_route=\/wp\/v2\/pages\/344","targetHints":{"allow":["GET"]}}],"collection":[{"href":"https:\/\/www.os-mirna.si\/index.php?rest_route=\/wp\/v2\/pages"}],"about":[{"href":"https:\/\/www.os-mirna.si\/index.php?rest_route=\/wp\/v2\/types\/page"}],"author":[{"embeddable":true,"href":"https:\/\/www.os-mirna.si\/index.php?rest_route=\/wp\/v2\/users\/5692"}],"replies":[{"embeddable":true,"href":"https:\/\/www.os-mirna.si\/index.php?rest_route=%2Fwp%2Fv2%2Fcomments&post=344"}],"version-history":[{"count":3,"href":"https:\/\/www.os-mirna.si\/index.php?rest_route=\/wp\/v2\/pages\/344\/revisions"}],"predecessor-version":[{"id":1201,"href":"https:\/\/www.os-mirna.si\/index.php?rest_route=\/wp\/v2\/pages\/344\/revisions\/1201"}],"wp:attachment":[{"href":"https:\/\/www.os-mirna.si\/index.php?rest_route=%2Fwp%2Fv2%2Fmedia&parent=344"}],"curies":[{"name":"wp","href":"https:\/\/api.w.org\/{rel}","templated":true}]}}