{"id":4014,"date":"2017-02-20T18:39:42","date_gmt":"2017-02-20T17:39:42","guid":{"rendered":"http:\/\/osmirna.splet.arnes.si\/?page_id=4014"},"modified":"2025-10-08T10:07:45","modified_gmt":"2025-10-08T08:07:45","slug":"letni-delovni-nacrt","status":"publish","type":"page","link":"https:\/\/www.os-mirna.si\/?page_id=4014","title":{"rendered":"Letni delovni na\u010drt"},"content":{"rendered":"<p><span style=\"color: #0000ff\"><a style=\"color: #0000ff\" href=\"http:\/\/osmirna.splet.arnes.si\/files\/2017\/02\/LDN-2019-2020.pdf\">Letni delovni na\u010drt za \u0161olsko leto 2019 &#8211; 2020<\/a><\/span><\/p>\n<p><span style=\"color: #0000ff\"><a style=\"color: #0000ff\" href=\"http:\/\/osmirna.splet.arnes.si\/files\/2020\/11\/LETNI-DELOVNI-NA\u010cRT-2020-2021.docx\">Letni delovni na\u010drt za \u0161olsko leto 2020-2021<\/a><\/span><\/p>\n<p><span style=\"color: #0000ff\"><a style=\"color: #0000ff\" href=\"https:\/\/www.os-mirna.si\/files\/2021\/10\/Letni-delovni-na\u010drt-za-\u0161olsko-leto-2021-22.pdf\">Letni delovni na\u010drt za \u0161olsko leto 2021-22<\/a><\/span><\/p>\n<p><span style=\"color: #0000ff\"><a style=\"color: #0000ff\" href=\"https:\/\/www.os-mirna.si\/files\/2022\/09\/Letni-delovni-nacrt-za-solsko-leto-2022-23.pdf\">Letni delovni na\u010drt za \u0161olsko leto 2022-23<\/a><\/span><\/p>\n<p><span style=\"color: #0000ff\"><a style=\"color: #0000ff\" href=\"https:\/\/www.os-mirna.si\/files\/2024\/09\/Letni-delovni-nacrt-2024-2025.pdf\">Letni delovni na\u010drt 2024-2025<\/a><\/span><\/p>\n<p><span style=\"color: #0000ff\"><a style=\"color: #0000ff\" href=\"https:\/\/www.os-mirna.si\/files\/2025\/10\/LETNI-DELOVNI-NACRT-2025_2026-pdf-KLIK.pdf\">Letni delovni na\u010drt 2025-2026 (pdf KLIK)<\/a><\/span><\/p>\n\n\n<p><\/p>\n","protected":false},"excerpt":{"rendered":"<p>Letni delovni na\u010drt za \u0161olsko leto 2019 &#8211; 2020 Letni delovni na\u010drt za \u0161olsko leto 2020-2021 Letni delovni na\u010drt za \u0161olsko leto 2021-22 Letni delovni na\u010drt za \u0161olsko leto 2022-23 Letni delovni na\u010drt 2024-2025&#46;&#46;&#46;<\/p>\n","protected":false},"author":5692,"featured_media":0,"parent":0,"menu_order":0,"comment_status":"closed","ping_status":"closed","template":"","meta":{"ngg_post_thumbnail":0,"footnotes":""},"class_list":["post-4014","page","type-page","status-publish","hentry"],"_links":{"self":[{"href":"https:\/\/www.os-mirna.si\/index.php?rest_route=\/wp\/v2\/pages\/4014","targetHints":{"allow":["GET"]}}],"collection":[{"href":"https:\/\/www.os-mirna.si\/index.php?rest_route=\/wp\/v2\/pages"}],"about":[{"href":"https:\/\/www.os-mirna.si\/index.php?rest_route=\/wp\/v2\/types\/page"}],"author":[{"embeddable":true,"href":"https:\/\/www.os-mirna.si\/index.php?rest_route=\/wp\/v2\/users\/5692"}],"replies":[{"embeddable":true,"href":"https:\/\/www.os-mirna.si\/index.php?rest_route=%2Fwp%2Fv2%2Fcomments&post=4014"}],"version-history":[{"count":12,"href":"https:\/\/www.os-mirna.si\/index.php?rest_route=\/wp\/v2\/pages\/4014\/revisions"}],"predecessor-version":[{"id":33945,"href":"https:\/\/www.os-mirna.si\/index.php?rest_route=\/wp\/v2\/pages\/4014\/revisions\/33945"}],"wp:attachment":[{"href":"https:\/\/www.os-mirna.si\/index.php?rest_route=%2Fwp%2Fv2%2Fmedia&parent=4014"}],"curies":[{"name":"wp","href":"https:\/\/api.w.org\/{rel}","templated":true}]}}