{"id":429,"date":"2015-08-06T08:53:53","date_gmt":"2015-08-06T06:53:53","guid":{"rendered":"http:\/\/osmirna.splet.arnes.si\/?page_id=429"},"modified":"2026-04-03T10:57:55","modified_gmt":"2026-04-03T08:57:55","slug":"vve-oglasna-deska","status":"publish","type":"page","link":"https:\/\/www.os-mirna.si\/?page_id=429","title":{"rendered":"Vrtec &#8211; Oglasna deska"},"content":{"rendered":"<div class=\"msg-body P_wpofO mq_AS\" data-test-id=\"message-view-body-content\">\n<div class=\"jb_0 X_6MGW N_6Fd5\">\n<div id=\"yiv1438037822\">\n<div class=\"yiv1438037822WordSection1\">\n<p class=\"yiv1802517940MsoNormal\">&nbsp;<\/p>\n<\/div>\n<\/div>\n<p style=\"text-align: center\"><span style=\"color: #0000ff\"><a style=\"color: #0000ff\" href=\"https:\/\/www.os-mirna.si\/files\/2026\/04\/seznam-sprejetih-otrok-2026-2027.docx\">Seznam sprejetih otrok 2026\/27<\/a><\/span><\/p>\n<p style=\"text-align: center\"><span style=\"color: #0000ff\"><a style=\"color: #0000ff\" href=\"https:\/\/www.os-mirna.si\/files\/2026\/04\/EVIDENCNI-VPIS-2026-2027.docx\">EVIDEN\u010cNI SEZNAM ZA \u0160OLSKO LETO 2026\/2027<\/a><\/span><\/p>\n<div id=\"yiv1438037822\">\n<div class=\"yiv1438037822WordSection1\">\n<p style=\"text-align: center\"><span style=\"color: #0000ff\"><a style=\"color: #0000ff\" href=\"https:\/\/www.os-mirna.si\/files\/2026\/03\/ZAHVALA-ZA-DONACIJE.pdf\">ZAHVALA ZA DONACIJE<\/a><\/span><\/p>\n<p style=\"text-align: center\"><span style=\"color: #0000ff\"><a style=\"color: #0000ff\" href=\"https:\/\/www.os-mirna.si\/files\/2026\/02\/Sklep-o-delni-odpravi-sklepa-o-dolocitvi-cen-programov-v-Vrtcu-Deteljica-pri-Osnovni-soli-Mirna-st.-602-0005_2025-3-Obcine-Mirna.pdf\">Sklep o delni odpravi sklepa o dolo\u010ditvi cen programov v Vrtcu Deteljica<\/a><\/span><\/p>\n<p style=\"text-align: center\"><span style=\"color: #0000ff\"><a style=\"color: #0000ff\" href=\"https:\/\/www.os-mirna.si\/files\/2026\/02\/OBVESTILO-Vpis-v-vrtec-Deteljica-za-solsko-leto-2026_2027.doc\">OBVESTILO &#8211; Vpis v vrtec Deteljica za \u0161olsko leto 2026\/2027<\/a><\/span><\/p>\n<p style=\"text-align: center\"><span style=\"color: #0000ff\"><a style=\"color: #0000ff\" href=\"https:\/\/www.os-mirna.si\/files\/2025\/12\/sklep-vrtec-cena-od-2025.pdf\">Sklep o dolo\u010ditvi cen programov v Vrtcu Deteljica od 1. 12. 2025<\/a><\/span><\/p>\n<p style=\"text-align: center\">&nbsp;<\/p>\n<p class=\"yiv1438037822MsoNormal\" style=\"text-align: center\"><span style=\"color: #0000ff\"><a style=\"color: #0000ff\" href=\"https:\/\/www.os-mirna.si\/files\/2024\/09\/Obrazec-za-nacin-prejemanja-racunov.pdf\">Obrazec za na\u010din prejemanja ra\u010dunov (PDF)<\/a><\/span><\/p>\n<\/div>\n<\/div>\n<\/div>\n<\/div>\n<div class=\"jb_0 X_6MGW N_6Fd5\">\n<div class=\"P_0 je_fq7\">\n<div class=\"W_3n93F p_R\" data-test-id=\"attachment-item\">\n<div class=\"A_6Eb4 i_6FIA J_x D_F r_P\" style=\"text-align: center\"><span style=\"color: #0000ff\"><a style=\"color: #0000ff\" href=\"https:\/\/www.os-mirna.si\/files\/2025\/04\/ZAHVALA-ZA-DONACIJSKA-SREDSTVA.pdf\">ZAHVALA ZA DONACIJSKA SREDSTVA<\/a><\/span><\/div>\n<\/div>\n<\/div>\n<\/div>\n<div style=\"text-align: center\">&nbsp;<\/div>\n<div>&nbsp;<\/div>\n<div style=\"text-align: center\"><span style=\"color: #0000ff\"><a style=\"color: #0000ff\" href=\"http:\/\/osmirna.splet.arnes.si\/files\/2015\/08\/kdaj.potece.odlocba.za_.subvencijo.vrtca_.pdf\">KDAJ POTE\u010cE ODLO\u010cBA ZA SUBVENCIJO VRTCA (PDF klik)<\/a><\/span><\/div>\n<p style=\"text-align: center\"><span style=\"color: #0000ff\"><a style=\"color: #0000ff\" href=\"http:\/\/osmirna.splet.arnes.si\/files\/2015\/08\/Sklep-o-dolo\u010ditvi-dodatnih-olaj\u0161av-v-primeru-dalj\u0161e-odsotnosti-otroka.pdf\">Sklep o dolo\u010ditvi dodatnih olaj\u0161av v primeru dalj\u0161e odsotnosti otroka<\/a><\/span><\/p>\n<p>&nbsp;<\/p>\n<p style=\"text-align: right\"><span style=\"color: #000000\">Strokovni delavci vrtca Deteljica<\/span><\/p>\n\n\n<p><\/p>\n","protected":false},"excerpt":{"rendered":"<p>&nbsp; Seznam sprejetih otrok 2026\/27 EVIDEN\u010cNI SEZNAM ZA \u0160OLSKO LETO 2026\/2027 ZAHVALA ZA DONACIJE Sklep o delni odpravi sklepa o dolo\u010ditvi cen programov v Vrtcu Deteljica OBVESTILO &#8211; Vpis v vrtec Deteljica za \u0161olsko&#46;&#46;&#46;<\/p>\n","protected":false},"author":5692,"featured_media":0,"parent":0,"menu_order":0,"comment_status":"closed","ping_status":"closed","template":"","meta":{"ngg_post_thumbnail":0,"footnotes":""},"class_list":["post-429","page","type-page","status-publish","hentry"],"_links":{"self":[{"href":"https:\/\/www.os-mirna.si\/index.php?rest_route=\/wp\/v2\/pages\/429","targetHints":{"allow":["GET"]}}],"collection":[{"href":"https:\/\/www.os-mirna.si\/index.php?rest_route=\/wp\/v2\/pages"}],"about":[{"href":"https:\/\/www.os-mirna.si\/index.php?rest_route=\/wp\/v2\/types\/page"}],"author":[{"embeddable":true,"href":"https:\/\/www.os-mirna.si\/index.php?rest_route=\/wp\/v2\/users\/5692"}],"replies":[{"embeddable":true,"href":"https:\/\/www.os-mirna.si\/index.php?rest_route=%2Fwp%2Fv2%2Fcomments&post=429"}],"version-history":[{"count":14,"href":"https:\/\/www.os-mirna.si\/index.php?rest_route=\/wp\/v2\/pages\/429\/revisions"}],"predecessor-version":[{"id":35553,"href":"https:\/\/www.os-mirna.si\/index.php?rest_route=\/wp\/v2\/pages\/429\/revisions\/35553"}],"wp:attachment":[{"href":"https:\/\/www.os-mirna.si\/index.php?rest_route=%2Fwp%2Fv2%2Fmedia&parent=429"}],"curies":[{"name":"wp","href":"https:\/\/api.w.org\/{rel}","templated":true}]}}

<div class="msg-body P_wpofO mq_AS" data-test-id="message-view-body-content">
<div class="jb_0 X_6MGW N_6Fd5">
<div id="yiv1438037822">
<div class="yiv1438037822WordSection1">
<p class="yiv1802517940MsoNormal">&nbsp;</p>
</div>
</div>
<p style="text-align: center"><span style="color: #0000ff"><a style="color: #0000ff" href="https://www.os-mirna.si/files/2026/04/seznam-sprejetih-otrok-2026-2027.docx">Seznam sprejetih otrok 2026/27</a></span></p>
<p style="text-align: center"><span style="color: #0000ff"><a style="color: #0000ff" href="https://www.os-mirna.si/files/2026/04/EVIDENCNI-VPIS-2026-2027.docx">EVIDENČNI SEZNAM ZA ŠOLSKO LETO 2026/2027</a></span></p>
<div id="yiv1438037822">
<div class="yiv1438037822WordSection1">
<p style="text-align: center"><span style="color: #0000ff"><a style="color: #0000ff" href="https://www.os-mirna.si/files/2026/03/ZAHVALA-ZA-DONACIJE.pdf">ZAHVALA ZA DONACIJE</a></span></p>
<p style="text-align: center"><span style="color: #0000ff"><a style="color: #0000ff" href="https://www.os-mirna.si/files/2026/02/Sklep-o-delni-odpravi-sklepa-o-dolocitvi-cen-programov-v-Vrtcu-Deteljica-pri-Osnovni-soli-Mirna-st.-602-0005_2025-3-Obcine-Mirna.pdf">Sklep o delni odpravi sklepa o določitvi cen programov v Vrtcu Deteljica</a></span></p>
<p style="text-align: center"><span style="color: #0000ff"><a style="color: #0000ff" href="https://www.os-mirna.si/files/2026/02/OBVESTILO-Vpis-v-vrtec-Deteljica-za-solsko-leto-2026_2027.doc">OBVESTILO &#8211; Vpis v vrtec Deteljica za šolsko leto 2026/2027</a></span></p>
<p style="text-align: center"><span style="color: #0000ff"><a style="color: #0000ff" href="https://www.os-mirna.si/files/2025/12/sklep-vrtec-cena-od-2025.pdf">Sklep o določitvi cen programov v Vrtcu Deteljica od 1. 12. 2025</a></span></p>
<p style="text-align: center">&nbsp;</p>
<p class="yiv1438037822MsoNormal" style="text-align: center"><span style="color: #0000ff"><a style="color: #0000ff" href="https://www.os-mirna.si/files/2024/09/Obrazec-za-nacin-prejemanja-racunov.pdf">Obrazec za način prejemanja računov (PDF)</a></span></p>
</div>
</div>
</div>
</div>
<div class="jb_0 X_6MGW N_6Fd5">
<div class="P_0 je_fq7">
<div class="W_3n93F p_R" data-test-id="attachment-item">
<div class="A_6Eb4 i_6FIA J_x D_F r_P" style="text-align: center"><span style="color: #0000ff"><a style="color: #0000ff" href="https://www.os-mirna.si/files/2025/04/ZAHVALA-ZA-DONACIJSKA-SREDSTVA.pdf">ZAHVALA ZA DONACIJSKA SREDSTVA</a></span></div>
</div>
</div>
</div>
<div style="text-align: center">&nbsp;</div>
<div>&nbsp;</div>
<div style="text-align: center"><span style="color: #0000ff"><a style="color: #0000ff" href="http://osmirna.splet.arnes.si/files/2015/08/kdaj.potece.odlocba.za_.subvencijo.vrtca_.pdf">KDAJ POTEČE ODLOČBA ZA SUBVENCIJO VRTCA (PDF klik)</a></span></div>
<p style="text-align: center"><span style="color: #0000ff"><a style="color: #0000ff" href="http://osmirna.splet.arnes.si/files/2015/08/Sklep-o-določitvi-dodatnih-olajšav-v-primeru-daljše-odsotnosti-otroka.pdf">Sklep o določitvi dodatnih olajšav v primeru daljše odsotnosti otroka</a></span></p>
<p>&nbsp;</p>
<p style="text-align: right"><span style="color: #000000">Strokovni delavci vrtca Deteljica</span></p>


<p></p>

<p>&nbsp; Seznam sprejetih otrok 2026/27 EVIDENČNI SEZNAM ZA ŠOLSKO LETO 2026/2027 ZAHVALA ZA DONACIJE Sklep o delni odpravi sklepa o določitvi cen programov v Vrtcu Deteljica OBVESTILO &#8211; Vpis v vrtec Deteljica za šolsko&#46;&#46;&#46;</p>
