{"id":620,"date":"2015-08-16T20:47:50","date_gmt":"2015-08-16T18:47:50","guid":{"rendered":"http:\/\/osmirna.splet.arnes.si\/?page_id=620"},"modified":"2025-02-19T21:41:34","modified_gmt":"2025-02-19T20:41:34","slug":"podaljsano-bivanje","status":"publish","type":"page","link":"https:\/\/www.os-mirna.si\/?page_id=620","title":{"rendered":"Podalj\u0161ano bivanje"},"content":{"rendered":"<p><span style=\"color: #000000\">V podalj\u0161ano bivanje se vklju\u010dujejo u\u010denci od 1. do 5. razreda s prijavo star\u0161ev, v okviru pravil, ki jih dolo\u010di \u0161ola. Na podlagi \u0161tevila vklju\u010denih u\u010dencev se oblikujejo oddelki podalj\u0161anega bivanja.<\/span><\/p>\n<p><span style=\"color: #000000\">Delo v podalj\u0161anem bivanju se za\u010dne po kon\u010danem pouku in traja do 16.00.<\/span><\/p>\n<p><span style=\"color: #000000\">Urnik se od oddelka do oddelka&nbsp; razlikuje glede na pouk in interesne dejavnosti u\u010dencev, prilagaja&nbsp; se vremenu, interesom u\u010dencev ipd.<\/span><\/p>\n<p><span style=\"color: #000000\">V \u010dasu podalj\u0161anega bivanja u\u010denci ustvarjajo, se spro\u0161\u010dajo, opravljajo doma\u010de naloge in druge obveznosti, sodelujejo pri kulturnih, \u0161portnih, umetni\u0161kih in drugih dejavnostih.<\/span><\/p>\n<p><span style=\"color: #000000\">Podalj\u0161ano bivanje vsebuje naslednje elemente: samostojno u\u010denje, sprostitvene dejavnosti ustvarjalno pre\u017eivljanje \u010dasa in prehrane.<\/span><\/p>\n<p><span style=\"color: #000000\">\u010ce nam vreme dopu\u0161\u010da, ve\u010dji del sprostitvenih dejavnosti pre\u017eivimo zunaj (na igri\u0161\u010dih, na sprehodu, v peskovniku, na travnatih povr\u0161inah, na snegu), zato je pomembno, da so otroci primerno oble\u010deni in obuti..<\/span><\/p>\n<p><span style=\"color: #000000\"><strong>PRAVILA, KI VELJAJO V \u010cASU PODALJ\u0160ANEGA BIVANJA:<\/strong><\/span><\/p>\n<ul>\n<li><span style=\"color: #000000\">Kdor pride po otroka, mora o odhodu nujno obvestiti u\u010ditelja. U\u010denec se mora od u\u010ditelja posloviti!<\/span><\/li>\n<li><span style=\"color: #000000\">Ob prihodu po otroka star\u0161i po\u010dakajo pred u\u010dilnico, da s svojim prihodom ne motijo procesa u\u010denja ali drugih dejavnosti.<\/span><\/li>\n<li><span style=\"color: #000000\">Otroci brez pisnega obvestila star\u0161ev ne smejo sami domov V obvestilu morata biti navedena datum in ura odhoda domov. Po zakonu o pravilih cestnega prometa (87. \u010dlen) morajo imeti&nbsp; otroci na poti v prvi razred osnovne \u0161ole ter domov spremstvo polnoletne osebe. Spremljevalci so lahko tudi otroci, starej\u0161i od 10 let in mladoletniki, \u010de to dovolijo star\u0161i, skrbniki oziroma rejniki otroka. Dovoljenje mora biti pisno podano u\u010ditelju podalj\u0161anega bivanja.<\/span><\/li>\n<li><span style=\"color: #000000\">U\u010denci morajo dosledno upo\u0161tevati navodila u\u010ditelja in pravila lepega vedenja, da se bodo vsi v oddelku dobro po\u010dutili in se po\u010dutili varne.<\/span><\/li>\n<\/ul>\n<p><span style=\"color: #000000\">PRIPRAVIL:<\/span><\/p>\n<p><span style=\"color: #000000\">aktiv u\u010diteljev OPB<\/span><\/p>\n","protected":false},"excerpt":{"rendered":"<p>V podalj\u0161ano bivanje se vklju\u010dujejo u\u010denci od 1. do 5. razreda s prijavo star\u0161ev, v okviru pravil, ki jih dolo\u010di \u0161ola. Na podlagi \u0161tevila vklju\u010denih u\u010dencev se oblikujejo oddelki podalj\u0161anega bivanja. Delo v podalj\u0161anem&#46;&#46;&#46;<\/p>\n","protected":false},"author":5692,"featured_media":0,"parent":0,"menu_order":0,"comment_status":"closed","ping_status":"closed","template":"","meta":{"ngg_post_thumbnail":0,"footnotes":""},"class_list":["post-620","page","type-page","status-publish","hentry"],"_links":{"self":[{"href":"https:\/\/www.os-mirna.si\/index.php?rest_route=\/wp\/v2\/pages\/620","targetHints":{"allow":["GET"]}}],"collection":[{"href":"https:\/\/www.os-mirna.si\/index.php?rest_route=\/wp\/v2\/pages"}],"about":[{"href":"https:\/\/www.os-mirna.si\/index.php?rest_route=\/wp\/v2\/types\/page"}],"author":[{"embeddable":true,"href":"https:\/\/www.os-mirna.si\/index.php?rest_route=\/wp\/v2\/users\/5692"}],"replies":[{"embeddable":true,"href":"https:\/\/www.os-mirna.si\/index.php?rest_route=%2Fwp%2Fv2%2Fcomments&post=620"}],"version-history":[{"count":15,"href":"https:\/\/www.os-mirna.si\/index.php?rest_route=\/wp\/v2\/pages\/620\/revisions"}],"predecessor-version":[{"id":31823,"href":"https:\/\/www.os-mirna.si\/index.php?rest_route=\/wp\/v2\/pages\/620\/revisions\/31823"}],"wp:attachment":[{"href":"https:\/\/www.os-mirna.si\/index.php?rest_route=%2Fwp%2Fv2%2Fmedia&parent=620"}],"curies":[{"name":"wp","href":"https:\/\/api.w.org\/{rel}","templated":true}]}}