{"id":8493,"date":"2018-07-18T05:59:35","date_gmt":"2018-07-18T03:59:35","guid":{"rendered":"http:\/\/osmirna.splet.arnes.si\/?page_id=8493"},"modified":"2025-02-19T21:34:40","modified_gmt":"2025-02-19T20:34:40","slug":"office-365","status":"publish","type":"page","link":"https:\/\/www.os-mirna.si\/?page_id=8493","title":{"rendered":"Office 365"},"content":{"rendered":"<p><span style=\"color: #000000\">Na na\u0161i \u0161oli lahko pridobite tudi licenco za najnovej\u0161o razli\u010dico Microsoft Office 365, ki je namenjena u\u010dencem in u\u010diteljem. Gre za internetno razli\u010dico Offica oz. \u201cpisarno v oblaku\u201d, torej lahko preko prijave na Microsoftovem \u0161olskem ra\u010dunu dostopamo do mre\u017ene razli\u010dice Worda, Excela, Powerpointa, Outlooka, OneNota, OneDriva, &#8230;<\/span><\/p>\n<p><span style=\"color: #0000ff\"><a style=\"color: #0000ff\" href=\"https:\/\/www.office.com\">https:\/\/www.office.com<\/a><\/span><\/p>\n","protected":false},"excerpt":{"rendered":"<p>Na na\u0161i \u0161oli lahko pridobite tudi licenco za najnovej\u0161o razli\u010dico Microsoft Office 365, ki je namenjena u\u010dencem in u\u010diteljem. Gre za internetno razli\u010dico Offica oz. \u201cpisarno v oblaku\u201d, torej lahko preko prijave na Microsoftovem&#46;&#46;&#46;<\/p>\n","protected":false},"author":5692,"featured_media":0,"parent":0,"menu_order":0,"comment_status":"closed","ping_status":"closed","template":"","meta":{"ngg_post_thumbnail":0,"footnotes":""},"class_list":["post-8493","page","type-page","status-publish","hentry"],"_links":{"self":[{"href":"https:\/\/www.os-mirna.si\/index.php?rest_route=\/wp\/v2\/pages\/8493","targetHints":{"allow":["GET"]}}],"collection":[{"href":"https:\/\/www.os-mirna.si\/index.php?rest_route=\/wp\/v2\/pages"}],"about":[{"href":"https:\/\/www.os-mirna.si\/index.php?rest_route=\/wp\/v2\/types\/page"}],"author":[{"embeddable":true,"href":"https:\/\/www.os-mirna.si\/index.php?rest_route=\/wp\/v2\/users\/5692"}],"replies":[{"embeddable":true,"href":"https:\/\/www.os-mirna.si\/index.php?rest_route=%2Fwp%2Fv2%2Fcomments&post=8493"}],"version-history":[{"count":5,"href":"https:\/\/www.os-mirna.si\/index.php?rest_route=\/wp\/v2\/pages\/8493\/revisions"}],"predecessor-version":[{"id":31820,"href":"https:\/\/www.os-mirna.si\/index.php?rest_route=\/wp\/v2\/pages\/8493\/revisions\/31820"}],"wp:attachment":[{"href":"https:\/\/www.os-mirna.si\/index.php?rest_route=%2Fwp%2Fv2%2Fmedia&parent=8493"}],"curies":[{"name":"wp","href":"https:\/\/api.w.org\/{rel}","templated":true}]}}